{"id":93,"date":"2019-05-02T21:07:42","date_gmt":"2019-05-02T19:07:42","guid":{"rendered":"http:\/\/luxovita.com\/?page_id=93"},"modified":"2019-08-20T19:29:49","modified_gmt":"2019-08-20T17:29:49","slug":"perte-de-poids","status":"publish","type":"page","link":"https:\/\/luxovita.com\/index.php\/perte-de-poids\/","title":{"rendered":"Perte de Poids :"},"content":{"rendered":"\n<div class=\"wp-block-image\"><figure class=\"aligncenter is-resized\"><img decoding=\"async\" loading=\"lazy\" src=\"http:\/\/luxovita.com\/wp-content\/uploads\/2019\/05\/belly-2354-1024x683.jpg\" alt=\"\" class=\"wp-image-39\" width=\"580\" height=\"386\" srcset=\"https:\/\/luxovita.com\/wp-content\/uploads\/2019\/05\/belly-2354-1024x683.jpg 1024w, https:\/\/luxovita.com\/wp-content\/uploads\/2019\/05\/belly-2354-300x200.jpg 300w, https:\/\/luxovita.com\/wp-content\/uploads\/2019\/05\/belly-2354-768x512.jpg 768w, https:\/\/luxovita.com\/wp-content\/uploads\/2019\/05\/belly-2354-1140x760.jpg 1140w\" sizes=\"(max-width: 580px) 100vw, 580px\" \/><\/figure><\/div>\n\n\n\n<h2 class=\"wp-block-heading\"><\/h2>\n\n\n\n<p>Les s\u00e9ances et le r\u00e9\u00e9quilibrage alimentaire aident les\npersonnes en surpoids \u00e0 modifier profond\u00e9ment et durablement leurs\ncomportements alimentaires pour atteindre leur poids de forme. <\/p>\n\n\n\n<p>Les s\u00e9ances ont pour objectifs de&nbsp;:<\/p>\n\n\n\n<ul><li>r\u00e9guler l\u2019app\u00e9tit et retrouver sati\u00e9t\u00e9<\/li><\/ul>\n\n\n\n<ul><li>supprimer les comportements compulsifs (fringales, grignotages, envies d\u2019aliments sucr\u00e9s, sal\u00e9s ou gras)<\/li><\/ul>\n\n\n\n<ul><li>am\u00e9liorer l\u2019humeur et le sommeil<\/li><\/ul>\n\n\n\n<ul><li>r\u00e9guler le transit et drainer les r\u00e9tentions<\/li><\/ul>\n\n\n\n<p>En fin de cure la satisfaction est de 95,6%<\/p>\n\n\n\n<p>Etude r\u00e9alis\u00e9e en 2007 par TEREO INTERNATIONAL, soci\u00e9t\u00e9 ind\u00e9pendante sp\u00e9cialis\u00e9e dans la recherche clinique. Perte de poids moyenne mesur\u00e9e sur un \u00e9chantillon de 291 personnes.<\/p>\n\n\n\n<p>ETUDE DU DOC LECERF : <a href=\"http:\/\/luxovita.com\/index.php\/etude-du-doc-lecerf\/\">cliquer ici<\/a><\/p>\n\n\n\n<p><\/p>\n\n\n\n<p><strong>Int\u00e9ressant<\/strong><\/p>\n\n\n\n<p>Si le syst\u00e8me hormonal est \u00e9quilibr\u00e9, le cerveau envoie les\nsignaux pour avertir que les apports alimentaires sont suffisants en qualit\u00e9 et\nquantit\u00e9. Le probl\u00e8me est que les signaux ne sont plus ressentis chez les\npersonnes en surpoids, compulsives ou boulimiques\u2026<\/p>\n\n\n\n<p>Les s\u00e9ances&nbsp;:<\/p>\n\n\n\n<p>Le nombre de s\u00e9ances est d\u00e9fini lors du bilan au premier\nrendez-vous.<\/p>\n\n\n\n<p>2 s\u00e9ances la premi\u00e8re semaine puis une s\u00e9ance par semaine en\nphase de perte de poids.<\/p>\n\n\n\n<p>1 s\u00e9ance en phase de stabilisation tous les deux mois si\nn\u00e9cessaire.<\/p>\n\n\n\n<p>Les enfants \u00e0 partir de 6 ans sont les bienvenus ! Les s\u00e9ances seront une aide pr\u00e9cieuse dans la surcharge pond\u00e9rale et les troubes du comportement alimentaire.<\/p>\n\n\n\n<p><\/p>\n","protected":false},"excerpt":{"rendered":"<p>Les s\u00e9ances et le r\u00e9\u00e9quilibrage alimentaire aident les personnes en surpoids \u00e0 modifier profond\u00e9ment et durablement leurs comportements alimentaires pour atteindre leur poids de forme. Les s\u00e9ances ont pour objectifs de&nbsp;: r\u00e9guler l\u2019app\u00e9tit et retrouver sati\u00e9t\u00e9 supprimer les comportements compulsifs (fringales, grignotages, envies d\u2019aliments sucr\u00e9s, sal\u00e9s ou gras) am\u00e9liorer l\u2019humeur et le sommeil r\u00e9guler le transit et drainer les r\u00e9tentions En fin de cure la satisfaction est de 95,6% Etude r\u00e9alis\u00e9e en 2007 par TEREO INTERNATIONAL, soci\u00e9t\u00e9 ind\u00e9pendante sp\u00e9cialis\u00e9e dans la recherche clinique. Perte de poids moyenne mesur\u00e9e sur un \u00e9chantillon de 291 personnes. ETUDE DU DOC LECERF : cliquer ici Int\u00e9ressant Si le syst\u00e8me hormonal est \u00e9quilibr\u00e9, le cerveau envoie les signaux pour avertir que les apports alimentaires sont suffisants en qualit\u00e9 et quantit\u00e9. Le probl\u00e8me est que les signaux ne sont plus ressentis chez les personnes en surpoids, compulsives ou boulimiques\u2026 Les s\u00e9ances&nbsp;: Le nombre de s\u00e9ances est d\u00e9fini lors du bilan au premier rendez-vous. 2 s\u00e9ances la premi\u00e8re semaine puis une s\u00e9ance par semaine en phase de perte de poids. 1 s\u00e9ance en phase de stabilisation tous les deux mois si n\u00e9cessaire. Les enfants \u00e0 partir de 6 ans sont les bienvenus ! Les s\u00e9ances seront une aide pr\u00e9cieuse dans la surcharge pond\u00e9rale et les troubes du comportement alimentaire.<\/p>\n","protected":false},"author":1,"featured_media":0,"parent":0,"menu_order":0,"comment_status":"closed","ping_status":"closed","template":"","meta":{"footnotes":""},"_links":{"self":[{"href":"https:\/\/luxovita.com\/index.php\/wp-json\/wp\/v2\/pages\/93"}],"collection":[{"href":"https:\/\/luxovita.com\/index.php\/wp-json\/wp\/v2\/pages"}],"about":[{"href":"https:\/\/luxovita.com\/index.php\/wp-json\/wp\/v2\/types\/page"}],"author":[{"embeddable":true,"href":"https:\/\/luxovita.com\/index.php\/wp-json\/wp\/v2\/users\/1"}],"replies":[{"embeddable":true,"href":"https:\/\/luxovita.com\/index.php\/wp-json\/wp\/v2\/comments?post=93"}],"version-history":[{"count":9,"href":"https:\/\/luxovita.com\/index.php\/wp-json\/wp\/v2\/pages\/93\/revisions"}],"predecessor-version":[{"id":209,"href":"https:\/\/luxovita.com\/index.php\/wp-json\/wp\/v2\/pages\/93\/revisions\/209"}],"wp:attachment":[{"href":"https:\/\/luxovita.com\/index.php\/wp-json\/wp\/v2\/media?parent=93"}],"curies":[{"name":"wp","href":"https:\/\/api.w.org\/{rel}","templated":true}]}}